00 and 512?
128
What is the greatest common factor of 1040 and 60?
20
What is the greatest common divisor of 64 and 512?
64
What is the greatest common divisor of 780 and 10?
10
Calculate the greatest common factor of 308 and 14.
14
What is the greatest common divisor of 19 and 931?
19
Calculate the greatest common divisor of 31 and 31.
31
What is the greatest common divisor of 30 and 290?
10
Calculate the greatest common factor of 154 and 854.
14
Calculate the greatest common factor of 17 and 697.
17
Calculate the highest common divisor of 9856 and 88.
88
What is the highest common factor of 84 and 360?
12
What is the greatest common factor of 19 and 57?
19
What is the greatest common divisor of 25 and 30425?
25
Calculate the greatest common divisor of 6045 and 65.
65
What is the greatest common factor of 238 and 994?
14
Calculate the greatest common factor of 2 and 7180.
2
What is the highest common divisor of 888 and 962?
74
What is the highest common divisor of 6 and 111?
3
What is the greatest common divisor of 738 and 82?
82
What is the greatest common divisor of 11 and 3443?
11
Calculate the highest common factor of 44 and 77.
11
What is the highest common factor of 3 and 3351?
3
Calculate the highest common divisor of 71 and 2059.
71
What is the greatest common divisor of 106 and 28037?
53
Calculate the greatest common factor of 3 and 4.
1
Calculate the highest common factor of 1111 and 33.
11
Calculate the greatest common divisor of 21 and 56469.
21
What is the highest common factor of 26402 and 430?
86
What is the highest common factor of 675 and 54?
27
What is the highest common factor of 301 and 43?
43
What is the greatest common divisor of 68 and 510?
34
What is the highest common divisor of 518 and 434?
14
What is the highest common factor of 6 and 226?
2
Calculate the greatest common divisor of 393 and 2096.
131
What is the highest common factor of 90 and 10?
10
Calculate the greatest common divisor of 144 and 400.
16
Calculate the highest common factor of 2156 and 44.
44
Calculate the greatest common factor of 801 and 45.
9
What is the highest common factor of 208 and 494?
26
Calculate the greatest common divisor of 21 and 2163.
21
Calculate the highest common divisor of 1444 and 16.
4
What is the highest common factor of 42 and 1610?
14
What is the highest common factor of 235 and 11045?
235
Calculate the greatest common factor of 38 and 19.
19
What is the greatest common divisor of 19 and 2603?
19
Calculate the highest common divisor of 35 and 51065.
35
Calculate the greatest common factor of 543 and 4525.
181
Calculate the highest common factor of 43250 and 519.
173
What is the greatest common divisor of 2078 and 4?
2
What is the greatest common divisor of 350 and 42?
14
Calculate the highest common divisor of 8 and 40.
8
Calculate the greatest common divisor of 130 and 58.
2
What is the greatest common divisor of 2074 and 102?
34
What is the greatest common divisor of 612 and 12?
12
Calculate the greatest common divisor of 756 and 28.
28
Calculate the highest common divisor of 210 and 35.
35
Calculate the highest common factor of 112 and 64.
16
What is the highest common factor of 13 and 546?
13
Calculate the highest common divisor of 21 and 84.
21
What is the highest common divisor of 42 and 315?
21
What is the greatest common factor of 2394 and 126?
126
What is the greatest common divisor of 160 and 80?
80
Calculate the highest common factor of 10390 and 30.
10
What is the highest common divisor of 104303 and 37?
37
What is the highest common factor of 1624 and 56?
56
Calculate the highest common divisor of 30 and 1605.
15
Calculate the greatest common divisor of 63 and 594.
9
What is the highest common factor of 546 and 78?
78
What is the highest common divisor of 32704 and 28?
28
Calculate the highest common divisor of 30675 and 75.
75
Calculate the greatest common divisor of 42 and 399.
21
What is the highest common divisor of 14 and 3290?
14
What is the greatest common factor of 1105 and 85?
85
Calculate the highest common factor of 78 and 30.
6
Calculate the greatest common factor of 90 and 885.
15
What is the greatest common divisor of 203 and 28?
7
Calculate the highest common factor of 12 and 28.
4
Calculate the greatest common divisor of 97 and 873.
97
What is the greatest common factor of 150 and 30?
30
Calculate the greatest common divisor of 26 and 702.
26
Calculate the greatest common factor of 90 and 14265.
45
Calculate the greatest common divisor of 567 and 105.
21
What is the greatest common factor of 77 and 3465?
77
What is the greatest common factor of 172 and 52288?
172
What is the highest common factor of 9 and 2091?
3
What is the highest common divisor of 5 and 145?
5
What is the greatest common divisor of 12248 and 8?
8
Calculate the highest common factor of 26 and 8.
2
Calculate the greatest common divisor of 1794 and 1035.
69
Calculate the greatest common divisor of 140 and 5810.
70
Calculate the highest common divisor of 126 and 18.
18
Calculate the greatest common factor of 4 and 16.
4
What is the highest common divisor of 5871 and 57?
57
What is the highest common factor of 3968 and 558?
62
Calculate the highest common divisor of 16 and 4688.
16
Calculate the greatest common factor of 25 and 400.
25
What is the greatest common divisor of 33 and 352?
11
Calculate the highest common factor of 118 and 3127.
59
Calculate the greatest common divisor of 106 and 2385.
53
What is the highest common divisor of 41 and 4961?
41
What is the highest common divisor of 87 and 4263?
87
What is the highest common factor of 966 and 504?
42
Calculate the greatest common factor of 82 and 41.
41
What is the highest common factor of 352 and 132?
44
What is the highest common factor of 171 and 117?
9
What is the greatest common divisor of 243 and 504?
9
What is the greatest common divisor of 27 and 15363?
27
Calculate the highest common divisor of 147 and 196.
49
Calculate the highest common factor of 176 and 16.
16
Calculate the highest common factor of 1632 and 1190.
34
Calculate the greatest common divisor of 72 and 176.
8
What is the greatest common factor of 3 and 2?
1
Calculate the highest common factor of 3888 and 1701.
243
What is the greatest common divisor of 4480 and 168?
56
What is the highest common factor of 42 and 60?
6
Calculate the greatest common divisor of 18 and 618.
6
What is the highest common divisor of 1628 and 44?
44
Calculate the highest common factor of 1677 and 312.
39
Calculate the highest common factor of 238 and 63.
7
Calculate the greatest common divisor of 17888 and 520.
104
What is the highest common divisor of 180 and 1470?
30
What is the highest common factor of 9 and 6498?
9
What is the greatest common factor of 2 and 37?
1
What is the highest common divisor of 15 and 6?
3
What is the highest common divisor of 470 and 94?
94
What is the greatest common divisor of 30 and 14010?
30
Calculate the greatest common factor of 76 and 95.
19
Calculate the greatest common factor of 8616 and 24.
24
Calculate the greatest common factor of 13 and 793.
13
What is the highest common divisor of 51 and 9588?
51
Calculate the highest common divisor of 3172 and 52.
52
What is the greatest common factor of 7731 and 27?
9
What is the greatest common divisor of 363 and 297?
33
Calculate the greatest common factor of 144 and 252.
36
Calculate the greatest common divisor of 621 and 23.
23
Calculate the greatest common factor of 124 and 527.
31
What is the greatest common divisor of 8505 and 252?
63
What is the highest common divisor of 106 and 477?
53
What is the greatest common factor of 57 and 247?
19
What is the highest common factor of 69 and 9?
3
What is the highest common divisor of 117 and 247?
13
Calculate the highest common divisor of 90 and 1030.
10
Calculate the greatest common factor of 4 and 152.
4
What is the greatest common factor of 17196 and 24?
12
What is the greatest common divisor of 28 and 182?
14
What is the highest common divisor of 5 and 1215?
5
What is the highest common factor of 128 and 48?
16
Calculate the highest common factor of 57 and 6213.
57
What is the greatest common factor of 50 and 130?
10
Calculate the greatest common factor of 110 and 154.
22
What is the highest